{"id":57,"date":"2016-08-03T08:33:00","date_gmt":"2016-08-03T07:33:00","guid":{"rendered":"http:\/\/landpastoral-schoenenberg.eu\/?page_id=57"},"modified":"2023-10-06T09:46:10","modified_gmt":"2023-10-06T08:46:10","slug":"gespraechsangebote","status":"publish","type":"page","link":"https:\/\/landpastoral-schoenenberg.de\/?page_id=57","title":{"rendered":"Gespr\u00e4chsangebote"},"content":{"rendered":"<h2 class=\"csc-firstHeader\">Seelsorgerliches Gespr\u00e4ch<\/h2>\n<p class=\"bodytext\">Unser Angebot ist offen f\u00fcr alle, die \u00fcber Lebens- und Glaubensfragen ins Gespr\u00e4ch kommen m\u00f6chten, unabh\u00e4ngig von Alter, Nationalit\u00e4t oder Kirchenzugeh\u00f6rigkeit.<\/p>\n<p>Alle Gespr\u00e4che werden vertraulich behandelt und sind kostenlos.<\/p>\n<p class=\"bodytext\"><b>Termine und Ort nach Vereinbarung<\/b><\/p>\n<h2><\/h2>\n<h2>Einzelgespr\u00e4ch f\u00fcr Trauernde<\/h2>\n<p class=\"bodytext\"><b>Termine und Ort nach Vereinbarung<\/b><\/p>\n<p><strong>Frau Ingrid Beck<\/strong><br \/>\nGemeindereferentin<br \/>\nTrauerbegleiterin (BVT e.V.)<\/p>\n<p>Telefon: 07961-9249170-12 oder<br \/>\nmail: <a href=\"mailto:ingrid.beck@drs.de\">ingrid.beck@drs.de<\/a><\/p>\n","protected":false},"excerpt":{"rendered":"<p>Seelsorgerliches Gespr\u00e4ch Unser Angebot ist offen f\u00fcr alle, die \u00fcber Lebens- und Glaubensfragen ins Gespr\u00e4ch kommen m\u00f6chten, unabh\u00e4ngig von Alter, Nationalit\u00e4t oder Kirchenzugeh\u00f6rigkeit. Alle Gespr\u00e4che werden vertraulich behandelt und sind &#8230; <a title=\"Gespr\u00e4chsangebote\" class=\"read-more\" href=\"https:\/\/landpastoral-schoenenberg.de\/?page_id=57\" aria-label=\"Mehr Informationen \u00fcber Gespr\u00e4chsangebote\">Weiterlesen<\/a><\/p>\n","protected":false},"author":1,"featured_media":0,"parent":3006,"menu_order":3,"comment_status":"closed","ping_status":"closed","template":"","meta":{"footnotes":""},"class_list":["post-57","page","type-page","status-publish"],"_links":{"self":[{"href":"https:\/\/landpastoral-schoenenberg.de\/index.php?rest_route=\/wp\/v2\/pages\/57","targetHints":{"allow":["GET"]}}],"collection":[{"href":"https:\/\/landpastoral-schoenenberg.de\/index.php?rest_route=\/wp\/v2\/pages"}],"about":[{"href":"https:\/\/landpastoral-schoenenberg.de\/index.php?rest_route=\/wp\/v2\/types\/page"}],"author":[{"embeddable":true,"href":"https:\/\/landpastoral-schoenenberg.de\/index.php?rest_route=\/wp\/v2\/users\/1"}],"replies":[{"embeddable":true,"href":"https:\/\/landpastoral-schoenenberg.de\/index.php?rest_route=%2Fwp%2Fv2%2Fcomments&post=57"}],"version-history":[{"count":17,"href":"https:\/\/landpastoral-schoenenberg.de\/index.php?rest_route=\/wp\/v2\/pages\/57\/revisions"}],"predecessor-version":[{"id":4726,"href":"https:\/\/landpastoral-schoenenberg.de\/index.php?rest_route=\/wp\/v2\/pages\/57\/revisions\/4726"}],"up":[{"embeddable":true,"href":"https:\/\/landpastoral-schoenenberg.de\/index.php?rest_route=\/wp\/v2\/pages\/3006"}],"wp:attachment":[{"href":"https:\/\/landpastoral-schoenenberg.de\/index.php?rest_route=%2Fwp%2Fv2%2Fmedia&parent=57"}],"curies":[{"name":"wp","href":"https:\/\/api.w.org\/{rel}","templated":true}]}}